-16 = -4*p + 4*y, 12 = -2*p - y - 2*y. Suppose -2*w - 3*x = -255, p = -2*w - 2*x + 187 + 63. What is the hundreds digit of w?
1
Suppose 6*k - 290 = 2*k - 2*q, -3*q + 75 = k. Suppose 6*u = 10*u - k. What is the tens digit of u?
1
Let k be 48 - (0 - 1)*1. Let r(p) = -74*p + 9. Let j be r(-1). Suppose 0*c - 2*c + k = 3*l, 4*c + 3*l = j. What is the units digit of c?
7
Let v(s) = -s**2 - s - 1. Let r(m) = m**3 + 4*m**2 + 4*m - 1. Let d(c) = r(c) - 2*v(c). Let f be d(-4). Suppose -5*h + f*h = 148. What is the tens digit of h?
3
Let c(q) = q**3 + 6*q**2 + q**3 + 2*q - 6*q**3 - 5*q**2 + 1. Let f be c(-1). Suppose 5*i = -15, -f*k = -0*k + i - 125. What is the tens digit of k?
3
Let l(i) = i**2 - 8*i + 2. Let a be l(8). What is the units digit of 51 - (2 - a - -3)?
8
Suppose 2*v - 404 = -0*v. Let n be 12/(-36)*(v - 1). Let o = n - -132. What is the units digit of o?
5
Suppose 3*w - 1002 = 936. What is the units digit of w?
6
Suppose 0 = m + 2*m. Suppose 0*z = z - 2*p + 28, -z - 2*p - 16 = m. Let j = -19 - z. What is the units digit of j?
3
Suppose g - 2*f + 12 = 2*g, 10 = g + 4*f. Suppose n - 14 = g. Suppose -3*j + n = j. What is the units digit of j?
7
Let n = -566 - -2857. What is the tens digit of n?
9
Suppose 4*o + 4*h = 2*h + 324, 4*h - 8 = 0. Suppose 77*c = o*c - 345. What is the hundreds digit of c?
1
Let m = 693 + -120. What is the units digit of m?
3
Suppose 10*q - 6*q = -3*j + 11440, -5*q + 3795 = j. What is the thousands digit of j?
3
Suppose -3*u - 2*q = -366, -5*u + 4*u + 122 = 3*q. Let x = -43 + u. What is the units digit of x?
9
Let t(x) = 10*x + 68. What is the tens digit of t(0)?
6
Let q(y) = -14*y - 235. What is the tens digit of q(-18)?
1
Let l(z) = -z + 7. Let b be l(4). Suppose -5*v + 580 = 5*m, 0 = -5*v + b*m + 267 + 289. What is the hundreds digit of v?
1
Suppose -178 = -3*w + 3*d - 19, 250 = 5*w - 2*d. What is the units digit of 486/11 + w/(-264)?
4
Suppose 617*l - 620*l + 3144 = 0. What is the units digit of l?
8
Let p(a) = a**3 + a**2 - 3*a - 9. Let n be p(4). Let h = 71 - n. What is the units digit of h?
2
Let v be 343/15 - (-4)/30. Suppose -v = 7*z - 233. What is the tens digit of z?
3
What is the hundreds digit of ((102/8)/(-1))/((-2)/88)?
5
Suppose 0 = -v - 3*v - 3*n - 12, -2*v - 20 = 5*n. What is the units digit of 5 - -14 - v/(-1)?
9
Suppose -15*c = -7*c - 16. Let x be (4/(-10))/(2/(-370)). Suppose g + 4*p - 48 = -7, x = 4*g - c*p. What is the tens digit of g?
2
Suppose 4*l - 9*l = 3*x - 21867, 0 = l - 5*x - 4379. What is the hundreds digit of l?
3
Suppose 0 = -0*m + 5*m - 3*t - 8, -m - 2 = 3*t. What is the tens digit of (m/(-2))/(1/(-250))?
2
Suppose -5*o + 37 = -u, -62 = 2*u - 3*o + 5*o. Let m = 221 + -170. Let n = m + u. What is the units digit of n?
9
Suppose 5*z + 46 = 3*p, -z + 0*p - 20 = 3*p. Let x(i) = -i**3 - 11*i**2 + 12. What is the units digit of x(z)?
2
Let f(z) be the second derivative of 5*z**4/12 + z**3 + z**2/2 - 7*z. Let b be f(-4). Suppose -2*j = -17 - b. What is the tens digit of j?
3
Let s(y) = -3*y**3 - 8*y**2 + 7*y + 25. What is the tens digit of s(-7)?
1
Let r = 12 - 9. Suppose g - 41 = l, r*g = -g + 2*l + 162. Suppose 0 = -4*i - 4*n + g, 4*i + n - 54 = -i. What is the tens digit of i?
1
Let x(s) = 96*s**2 - s + 8. What is the hundreds digit of x(5)?
4
Let z(y) = y**3 + 7*y**2 + 12*y + 4. Let u be z(-6). Let t = u - -36. What is the units digit of t?
4
Suppose 112 = 5*k - 513. Let m = -123 + k. What is the units digit of m?
2
Let l be (-32)/176 - (9550/(-11) + 0). Suppose y - l = -6*y. What is the hundreds digit of y?
1
Let v(w) = w**3 + 12*w**2 - 5*w - 1. What is the hundreds digit of v(-9)?
2
Let w = -25 + -1. Let r = 39 + w. What is the tens digit of r?
1
Suppose 4*r - 3607 - 1617 = -6*a, 2*a - 1733 = -3*r. What is the hundreds digit of a?
8
Let m(y) be the first derivative of 0*y - 5 + 7/2*y**2 + y**3. What is the tens digit of m(-6)?
6
Let k = -8 - -1588. What is the units digit of k?
0
Suppose -5*u + 0*u + 230 = 5*m, 2*m = -5*u + 221. Suppose 5*i - 4*i = u. What is the tens digit of i?
4
What is the thousands digit of ((-794)/6)/((-3)/27)?
1
Let y = 49 + -70. Let h be (-6)/y + 3711/21. Suppose 0 = -0*w - 3*w + h. What is the tens digit of w?
5
Suppose -5*c + 69 = -36. Suppose 0*u = -7*u + c. Suppose u*y = -y + 84. What is the tens digit of y?
2
Let b(d) = -5*d + 12. Let m be b(8). Let r = 46 + m. What is the tens digit of r?
1
Suppose 1 - 10 = -3*h. Suppose c - h*v = 19, 0 = -c + v + 20 + 1. What is the tens digit of c?
2
What is the tens digit of 4*(-1)/(2/(-275))?
5
Let u be 0/2 + 270/9. Suppose 5*a + 70 = -u. Let h = 92 + a. What is the tens digit of h?
7
Suppose -4*k = -k + 27. Let n = k - -11. What is the units digit of 1 + (0 - -2 - n)?
1
Let g(r) = 0 - 38*r**2 + 55*r**2 + 0. Let d be 8/(-4) + 1*3. What is the tens digit of g(d)?
1
Suppose 0*l - 12 = -4*l. Suppose -l*i + 0*i = 3*f - 30, 3*i = 6. Suppose -43 = -5*n + 2*k + f, -4*n = -3*k - 45. What is the units digit of n?
9
Suppose 6*r - 1 = 29. Suppose r*n - 123 - 177 = 0. What is the units digit of n?
0
Suppose 2*o = -o. Let k be ((-6)/15)/(1/(-10)). Suppose 2*t = o, -k*i - t - 4*t = -52. What is the units digit of i?
3
What is the units digit of (-40)/(-6)*(-9204)/(-65)?
4
Suppose 0*d = -d + 3636. What is the thousands digit of d?
3
Let d(i) = 61*i**2 + 63*i - 2. What is the thousands digit of d(5)?
1
Suppose 4*g = 2*l - 348, -2*g + 333 = 2*l - 3*g. Suppose -l = t - 3*t. What is the units digit of t?
2
Suppose -g + 5*o + 913 = 0, -5*g - 3*o + 897 = -4*g. What is the units digit of g?
3
Let n(l) = 4*l**2 + 9*l + 9. Let d be n(-5). Suppose -d = -21*w + 19*w. What is the tens digit of w?
3
What is the tens digit of (-1 + -3)*(-968 - 32)?
0
Let g = -1535 - -1638. What is the tens digit of g?
0
Suppose 2*c - 1208 = -5*u, u = -4*c - 74 + 330. What is the units digit of u?
0
Let g = 1970 - 754. What is the tens digit of g?
1
Let z be ((-3)/(-9) - 0)*6. Suppose 0 = z*k + 3*k - 10. What is the tens digit of 2 - k*(-51)/6?
1
What is the tens digit of (1*-1)/(6 - (-27853)/(-4641))?
6
Let s = -116 + 120. Suppose 5*x = -2*q + 1031, 2*x - 201 - 221 = s*q. What is the hundreds digit of x?
2
Let s(o) = 10*o + 49. Let k be s(-5). What is the tens digit of ((-12)/36)/(k/132)?
4
Suppose -5*l = -h - 2438, -2*h - 348 - 136 = -l. Suppose -4*x = -4*o - 0*o + l, 2*o - 244 = -2*x. What is the units digit of o?
2
Let u = 111 + 195. What is the units digit of u?
6
Let v(m) = 37 - 3*m + m - 5. What is the tens digit of v(-14)?
6
Suppose p + 11 = -2*y + 5*y, 2*p = -5*y + 22. Suppose 4*c = -y*h - 96, c + c = -h - 29. Let g = h + 38. What is the tens digit of g?
1
Suppose 2*s - 10 = 0, b - 4*s = -b - 26. What is the units digit of 114*1*b/(-9)?
8
Let h = 420 + -95. What is the hundreds digit of h?
3
Let h be 14*(4/8 - 1). Let f(g) = -g - 3. Let q be f(h). Suppose q = 20*b - 19*b. What is the units digit of b?
4
Let z = -6 - -10. Suppose 5*s - 366 = -z*r, -5*r + 5*s + 3 = -477. Suppose 4 = -2*l, -r = -5*h + 4*l + 24. What is the tens digit of h?
2
Let g be ((-56)/42)/(8/(-30)). Suppose 302 + 348 = 2*a - g*s, -658 = -2*a + 3*s. What is the tens digit of a?
3
Let t(u) = 34*u + 22. What is the tens digit of t(32)?
1
Let y = 125 + -73. Let d = 10 - 6. What is the units digit of 1/d - (-195)/y?
4
What is the tens digit of 150/(-135)*-1209 + (-4)/3?
4
Suppose 55 = -l - 4*l. What is the tens digit of 2*(1 - l - 2)?
2
Let v(u) = -2*u - 11. Let s be v(-7). Suppose 2*t - 5 = t, s*t = -2*y + 25. Suppose 2 - y = -3*l. What is the units digit of l?
1
Let c(l) = l**3 + 8*l**2 + 8*l - 1. Suppose -5*m = 5*t + 25, 2 = 3*t - 4. Let r be c(m). What is the units digit of ((-812)/r)/7*2?
9
Suppose -270*k + 136864 = -244*k. What is the tens digit of k?
6
Let m(k) = 6*k**2 + k + 6. Let z be m(4). Suppose -5*d = z - 571. What is the units digit of d?
3
Suppose 279 = b + 5*v, -4*b + 991 = -0*b - 5*v. What is the units digit of b?
4
Let m(n) = 38*n**2 + 51*n - 153. What is the units digit of m(8)?
7
What is the tens digit of (-16 + 5900)*(-4)/(-16)?
7
Let c(m) = m**2 + 7*m + 5. Let d(h) = 5*h - 2. Let q be d(-1). Let a be c(q). Suppose -21 = -6*p + a*p. What is the units digit of p?
1
Let k be 8/20 + (-8)/(-5). Suppose k*u - 6 = 3*t - t, 0 = -2*u - t + 9. Suppose 0 = -y - u*y + 40. Wh